se
Is 201*(77/33 - 2) a composite number?
False
Suppose 5*p = -2*p. Suppose p = 3*a - 0*a. Suppose a = 10*y - 6*y - 892. Is y composite?
False
Suppose -3*i = -6*q - 1683621 - 921702, 4*q - 1736858 = -2*i. Is i a prime number?
False
Suppose 0 = 15*o - 8*o - 15218. Suppose -y - 2177 = -5*c, 2*y - 4*y - o = -5*c. Suppose -4*z + c = -0*z. Is z composite?
False
Let b(k) = -597*k**3 - 5*k**2 - 16*k + 41. Is b(-7) composite?
False
Let d be -6 + (-100)/(-16) - 17758/(-8). Let p = d + -1297. Is p a prime number?
False
Suppose 10*z - 5*z + 5 = h, 5 = h + 4*z. Suppose 0 = -3*o + h*r + 3608, -6009 = -5*o + r + 3*r. Is o a prime number?
True
Suppose 269 - 69 = 8*n. Let j = n - -5706. Is j composite?
True
Let n be (345 + 1)/(3 - 156/60). Suppose 0 = 2*r + 4*w - 5874, -r - n = 4*w - 3800. Is r a prime number?
True
Let j = -590277 + 1172109. Suppose h = 37*h - j. Is h composite?
True
Suppose 6*x + 5*g = 103 + 49, -3*x + 5*g + 46 = 0. Suppose 0 = 5*s - x*s + 21607. Is s prime?
False
Let t(s) = 48*s**2 + 22*s - 47. Let q(c) = 3*c + 3. Let j be q(4). Is t(j) prime?
True
Suppose -10*p + 8*p + z + 181177 = 0, -4*p + 4*z = -362352. Is p composite?
True
Let g = 1581653 - 915448. Is g composite?
True
Let o be 2 + (-16 - -25) - (7 + -2). Let l(s) be the first derivative of 9*s**3 + 4*s**2 - 17*s - 1. Is l(o) a composite number?
True
Is 406930/4*-1*(-84)/70 prime?
False
Suppose 946136 = 24*b - 43792. Suppose -h = -10*h + b. Is h a composite number?
False
Suppose -s + 5 = -2*s, -3*s + 7799 = 2*y. Is y a prime number?
True
Let t(f) = f**3 - 14*f**2 + f + 1. Let b be t(14). Suppose -b*l = -20*l + 4*n + 4847, -4*n + 3856 = 4*l. Is l composite?
False
Let x = -37 - -40. Let q be -1*(x/(-2))/(18/192). Is -2*706/q*(1 + -13) a prime number?
False
Let t be 1554/105 - (-2 + 18/10). Let s be 12/15 - 27/t. Is ((-14)/6*s)/(1/69) a composite number?
True
Let m(w) = 6*w**2 - 32 - 4*w**2 + 31*w + 78 - 39. Let t = 128 - 118. Is m(t) composite?
True
Let m = 11375 - -3054. Is m a prime number?
False
Let n(j) = 806*j**2 + 185*j + 1. Is n(-16) a prime number?
False
Let t = 13549 - -58345. Suppose -5*w + 24173 - t = -4*n, 2*w - 47714 = -4*n. Is n a prime number?
False
Let d(g) = -7*g - 21. Let p be d(-3). Suppose p = c + 942 - 2509. Is c composite?
False
Is ((-16)/(-24))/(92/42188946) a prime number?
True
Let t be 32 - 3/15*0. Suppose 8 = -4*x + t. Is x + 112/(-18) + 1001/9 composite?
True
Let x(r) = r**3 + 4*r**2 - r - 15. Let u = 58 - 54. Suppose -2*m + u*b + 5 = 1, 3*b = 6. Is x(m) prime?
False
Suppose -3*r + 71 = -2*y, 5*y + 130 = -r - r. Let b(k) = -k**2 - 48*k - 39. Is b(y) prime?
True
Let d = 11457 - 1591. Suppose -8*a + 10094 = -d. Is a prime?
False
Let g = 101672 - 40813. Is g composite?
False
Suppose 2*p - 1819286 = -16*g + 12*g, 2274124 = 5*g - 3*p. Is g a composite number?
False
Suppose 2*i + 2*m = 0, -2*m + 18 = -5*i + 2*m. Is (-665294)/(-70) + (i - 42/(-15)) composite?
True
Is 23105*1*-1*(-4 + 3) a prime number?
False
Suppose -7*p + 112171 + 489766 = 0. Is p a prime number?
True
Let t = 2137 + -1461. Let j = t - 269. Is j composite?
True
Suppose -37*m = -40*m + 18. Suppose 8*q - 8538 = -2*c + m*q, 21329 = 5*c + q. Is c a prime number?
False
Let z = 1073 - 6021. Let v = -3347 - z. Is v composite?
False
Let c be (-22)/(-1)*15/30. Suppose c*y - 6195 = 1208. Is y composite?
False
Let p = -111 - -113. Suppose -p*m + 35965 = -18321. Is m a prime number?
True
Let c = 61 + -49. Suppose -9*d + c*d + 1200 = 0. Let a = 371 - d. Is a a prime number?
False
Let o(j) be the first derivative of j**4/2 - 7*j**3/3 - 5*j**2 - 35*j - 86. Is o(12) a prime number?
True
Suppose 4*b - 524 = 1032. Let s = 1030 - b. Is s/2 + 6/12 composite?
True
Let p(a) = a**3 - 6*a**2 - 10*a + 16. Let t(u) = u**2 - u + 7. Let w be t(0). Let i be p(w). Let x(b) = -62*b - 17. Is x(i) a prime number?
True
Suppose 26*m = 21*m + 20. Suppose -4*o + 2*o + 10 = -l, -3*o + 15 = -m*l. Suppose -15 = 5*n, -2*x + n - 189 + 3578 = l. Is x a prime number?
True
Let f(g) = -22*g**2 - 11*g - 12. Let b be f(-3). Let x = 326 + b. Suppose d + 0*d = x. Is d prime?
True
Suppose -4*m = 12*m - 0*m. Suppose m = -2*r - 39 + 55. Suppose -4275 = -x - 2*i, -3*x + r*x = 3*i + 21349. Is x composite?
False
Let f(b) = -445*b**3 + 17*b**2 - 70*b - 767. Is f(-12) prime?
True
Suppose 3*b - 615563 = 1085*m - 1087*m, b = m + 205201. Is b a composite number?
True
Suppose 36*x + 11855965 - 2880475 = 138*x. Is x a composite number?
True
Let w be (-44)/5*1815/22. Let d = 1961 + w. Let j = d + -486. Is j a composite number?
True
Suppose -157*f + 1687409 = -267398. Is f a composite number?
False
Suppose -10*l + 125 = 5. Is (-19)/(1026/l) + 79366/18 prime?
True
Suppose 0 = -342*c + 364*c - 495506. Is c a composite number?
True
Is (-3)/(-15) - ((-5070091)/45 + 29/(-261)) prime?
False
Let t(c) = -c**2 - 42*c + 129. Let q be t(-45). Is ((-18808)/(-3) - q)/((-2)/(-3)) prime?
True
Let s = -47753 + 102100. Is s prime?
True
Let o(c) = c**2 - 45*c - 3 + 41*c + 26*c. Let a be o(-23). Suppose -19*k - 1397 = -a*k. Is k a composite number?
True
Suppose -3*i + 12 = -2*p - 2, -4*i - 2*p = -14. Suppose -i*r = j - 4094, -5106 - 11321 = -4*j + r. Suppose 0 = -30*k + 32*k - j. Is k prime?
True
Suppose b = 4*b - v - 5279, 3*v - 8789 = -5*b. Let q = -33 + b. Suppose 2*m - q = -2*l + 4*l, -5*l - 2597 = -3*m. Is m composite?
False
Let w(u) be the third derivative of -149*u**4/3 - 55*u**3/2 - 2*u**2 - 23. Is w(-8) composite?
False
Suppose -3*q - 2*x = -6020, -5*x - 10732 + 2690 = -4*q. Suppose 10700 - 4178 = 2*w. Let o = w - q. Is o a composite number?
True
Let f(p) = -8*p + 1. Let b be f(-5). Let d = -38 + b. Suppose 0*m + 5*m - 2*h - 17876 = 0, -3583 = -m + d*h. Is m a prime number?
False
Suppose 7*w + 143159 = 512255. Let m = w + -28799. Is m prime?
True
Let z be (-11360)/(-60)*(12 - 0). Let c = z + 1215. Is c a composite number?
True
Suppose 120 = 5*f - 4*t, -f + 43 = -3*t + 8. Suppose f*o - 858724 = -18*o. Is o a prime number?
False
Let r(z) = -133*z + 321. Suppose -47 = 4*i - 3*i - c, 5*i + 3*c + 259 = 0. Is r(i) composite?
False
Suppose 328*t = 16084412 + 12114732. Is t composite?
True
Let q = 5447 - 2950. Let z = -1780 + q. Suppose 2*b = z + 109. Is b composite?
True
Suppose -14*o + 18*o - 500740 = 4*h, h = -2*o + 250364. Is o prime?
True
Let g be 10/15 - (-84)/9. Suppose u + 4*z = -u + 28, -5*u + 2*z + g = 0. Suppose u*b = 4832 - 268. Is b prime?
False
Suppose 16 = z + 7*z. Let p(r) = 9*r**z + 10 + 5 - 2 - 2 - 7*r. Is p(6) a prime number?
True
Suppose -5*z = 3*z - 1721 - 13647. Is z composite?
True
Let c(g) = -3*g**2 - g**3 + 3 - g**3 + 3*g**3 + 7*g + 15*g**2. Let r be c(-9). Let k = r - 94. Is k composite?
False
Let p be -2333*((-35)/3 + 4/6). Suppose -4*i + 0*u = -u - 20526, 4*u = 5*i - p. Is i composite?
True
Let s(c) = -c**3 + 4*c**2 + 6*c - 2. Let h be s(-7). Let l(p) = 3*p**2 - 4*p - 111. Let w be l(11). Let g = h - w. Is g prime?
False
Suppose 2*o - 2*u - 337414 = 867660, 2*u = -2*o + 1205042. Is o prime?
False
Let m = -42 - -67. Let d = -22 + m. Is (d + -2)*(210 - -1) composite?
False
Let o(j) = 273*j + 41. Let m be o(-2). Let b = m - -2840. Is b a composite number?
True
Let f = 185 - 183. Suppose 4270 = f*q - 4126. Is q prime?
False
Suppose -4*o = 13 - 33. Suppose -3*t + 6*x = o*x - 4047, 3*t - 2*x = 4047. Is t composite?
True
Suppose 8*d + 24095 = 5*w, 5*d - 2*d = -2*w + 9638. Is w a prime number?
False
Suppose 5*d - 1 - 34 = 0. Suppose -d*b + 14895 = -2*b. Suppose 4*x - x - b = 0. Is x a composite number?
True
Let h = -2488078 - -7107243. Is h a prime number?
False
Let j(d) = d**2 - 4*d - 8. Let u be j(6). Suppose 5*m - 3*f = 11964, 0*m - 2*m + u*f + 4794 = 0. Suppose 0 = -16*w + 13*w + m. Is w prime?
True
Let c(i) = -192*i**3 + 3*i**2 - 2. Let z be c(-1). Suppose 3*g - f - 4*f = 578, g - 2*f = z. Is g composite?
False
Let k = -342 - -345. Suppose -21*b + 3422 = -20*b - 5*x, 4*b + k*x - 13619 = 0. Is b prime?
True
Is (-44844)/(-2 + 0) + 7 composite?
True
Suppose 0 = 4*u + p + 15, u + 5*p - 9 = -8. Let m(h) = -41*h**3 - 6*h**2 - 5*h - 11. Is m(u) prime?
False
Suppose 14 = q - 4*z - 37, 2*q = 4*z + 106. Suppose -5*x + q - 7936 = -3*u, u + 5*x - 2627 = 0. Is u composite?
True
Let p be (-110636)/(-170)*5/(-2). Let i be 2/(-10) + (-19056)/20. Let l = i - p. Is l a c